{"id":6926,"date":"2024-09-13T11:56:04","date_gmt":"2024-09-13T08:56:04","guid":{"rendered":"https:\/\/danceart.fi\/kauppa\/?post_type=product&#038;p=6926"},"modified":"2024-10-01T20:07:16","modified_gmt":"2024-10-01T17:07:16","slug":"da-ryhmalaukku","status":"publish","type":"product","link":"https:\/\/danceart.fi\/kauppa\/tuote\/da-ryhmalaukku\/","title":{"rendered":"DA RYHM\u00c4LAUKKU"},"content":{"rendered":"<p>DA Ryhm\u00e4laukku, DA Nuput ja Demi Pro<\/p>\n<p>v\u00e4ri musta, hinta sis. painatuksen<\/p>\n<p>P\u00e4\u00e4osasto avautuu u-mallisella vetoketjulla, mik\u00e4 helpottaa pakkaamista. Sis\u00e4puolella vetoketjullinen tasku ja verkkotasku, jossa avainklipsi. Tukeva irrotettava olkahihna, jossa k\u00e4yntikorttitaskulla varustettu olkapehmuste. Tarrakiinnityksell\u00e4 yhdistett\u00e4v\u00e4t kantokahvat. Kantokahvat my\u00f6s p\u00e4\u00e4dyiss\u00e4, joten laukkua voidaan kantaa kaikilta puolilta. Laukussa on taskut pitkill\u00e4 sivuilla ja ilmastoitu osasto kengille\/pyyhkeelle. P\u00e4\u00e4dyiss\u00e4 on vetoketjulliset taskut.<\/p>\n<p>Mitat ja tilavuus: 53x31x28 cm<\/p>\n","protected":false},"excerpt":{"rendered":"<p>DA Ryhm\u00e4laukku<\/p>\n","protected":false},"featured_media":6927,"template":"","meta":[],"product_brand":[],"product_cat":[127],"product_tag":[],"class_list":{"0":"post-6926","1":"product","2":"type-product","3":"status-publish","4":"has-post-thumbnail","6":"product_cat-dance-koulutus","8":"first","9":"instock","10":"virtual","11":"taxable","12":"purchasable","13":"product-type-simple"},"yoast_head":"<!-- This site is optimized with the Yoast SEO plugin v27.2 - https:\/\/yoast.com\/product\/yoast-seo-wordpress\/ -->\n<title>DA RYHM\u00c4LAUKKU - Dance Art -verkkokauppa<\/title>\n<meta name=\"robots\" content=\"index, follow, max-snippet:-1, max-image-preview:large, max-video-preview:-1\" \/>\n<link rel=\"canonical\" href=\"https:\/\/danceart.fi\/kauppa\/tuote\/da-ryhmalaukku\/\" \/>\n<meta property=\"og:locale\" content=\"fi_FI\" \/>\n<meta property=\"og:type\" content=\"article\" \/>\n<meta property=\"og:title\" content=\"DA RYHM\u00c4LAUKKU - Dance Art -verkkokauppa\" \/>\n<meta property=\"og:description\" content=\"DA Ryhm\u00e4laukku\" \/>\n<meta property=\"og:url\" content=\"https:\/\/danceart.fi\/kauppa\/tuote\/da-ryhmalaukku\/\" \/>\n<meta property=\"og:site_name\" content=\"Dance Art -verkkokauppa\" \/>\n<meta property=\"article:publisher\" content=\"https:\/\/www.facebook.com\/Dance-Art-verkkokauppa-102802895033569\/\" \/>\n<meta property=\"article:modified_time\" content=\"2024-10-01T17:07:16+00:00\" \/>\n<meta property=\"og:image\" content=\"https:\/\/danceart.fi\/kauppa\/wp-content\/uploads\/DA-ryhmalaukku-kuva-1.jpg\" \/>\n\t<meta property=\"og:image:width\" content=\"1000\" \/>\n\t<meta property=\"og:image:height\" content=\"664\" \/>\n\t<meta property=\"og:image:type\" content=\"image\/jpeg\" \/>\n<meta name=\"twitter:card\" content=\"summary_large_image\" \/>\n<meta name=\"twitter:label1\" content=\"Arvioitu lukuaika\" \/>\n\t<meta name=\"twitter:data1\" content=\"1 minuutti\" \/>\n<script type=\"application\/ld+json\" class=\"yoast-schema-graph\">{\"@context\":\"https:\/\/schema.org\",\"@graph\":[{\"@type\":\"WebPage\",\"@id\":\"https:\/\/danceart.fi\/kauppa\/tuote\/da-ryhmalaukku\/\",\"url\":\"https:\/\/danceart.fi\/kauppa\/tuote\/da-ryhmalaukku\/\",\"name\":\"DA RYHM\u00c4LAUKKU - Dance Art -verkkokauppa\",\"isPartOf\":{\"@id\":\"https:\/\/danceart.fi\/kauppa\/#website\"},\"primaryImageOfPage\":{\"@id\":\"https:\/\/danceart.fi\/kauppa\/tuote\/da-ryhmalaukku\/#primaryimage\"},\"image\":{\"@id\":\"https:\/\/danceart.fi\/kauppa\/tuote\/da-ryhmalaukku\/#primaryimage\"},\"thumbnailUrl\":\"https:\/\/danceart.fi\/kauppa\/wp-content\/uploads\/DA-ryhmalaukku-kuva-1.jpg\",\"datePublished\":\"2024-09-13T08:56:04+00:00\",\"dateModified\":\"2024-10-01T17:07:16+00:00\",\"breadcrumb\":{\"@id\":\"https:\/\/danceart.fi\/kauppa\/tuote\/da-ryhmalaukku\/#breadcrumb\"},\"inLanguage\":\"fi\",\"potentialAction\":[{\"@type\":\"ReadAction\",\"target\":[\"https:\/\/danceart.fi\/kauppa\/tuote\/da-ryhmalaukku\/\"]}]},{\"@type\":\"ImageObject\",\"inLanguage\":\"fi\",\"@id\":\"https:\/\/danceart.fi\/kauppa\/tuote\/da-ryhmalaukku\/#primaryimage\",\"url\":\"https:\/\/danceart.fi\/kauppa\/wp-content\/uploads\/DA-ryhmalaukku-kuva-1.jpg\",\"contentUrl\":\"https:\/\/danceart.fi\/kauppa\/wp-content\/uploads\/DA-ryhmalaukku-kuva-1.jpg\",\"width\":1000,\"height\":664},{\"@type\":\"BreadcrumbList\",\"@id\":\"https:\/\/danceart.fi\/kauppa\/tuote\/da-ryhmalaukku\/#breadcrumb\",\"itemListElement\":[{\"@type\":\"ListItem\",\"position\":1,\"name\":\"Home\",\"item\":\"https:\/\/danceart.fi\/kauppa\/etusivu\/\"},{\"@type\":\"ListItem\",\"position\":2,\"name\":\"Kauppa\",\"item\":\"https:\/\/danceart.fi\/kauppa\/kauppa\/\"},{\"@type\":\"ListItem\",\"position\":3,\"name\":\"DA RYHM\u00c4LAUKKU\"}]},{\"@type\":\"WebSite\",\"@id\":\"https:\/\/danceart.fi\/kauppa\/#website\",\"url\":\"https:\/\/danceart.fi\/kauppa\/\",\"name\":\"Dance Art -verkkokauppa\",\"description\":\"Dance Art -kaupasta saat laadukkaita ja kivoja tanssitarvikkeita kaikille.\",\"publisher\":{\"@id\":\"https:\/\/danceart.fi\/kauppa\/#organization\"},\"potentialAction\":[{\"@type\":\"SearchAction\",\"target\":{\"@type\":\"EntryPoint\",\"urlTemplate\":\"https:\/\/danceart.fi\/kauppa\/?s={search_term_string}\"},\"query-input\":{\"@type\":\"PropertyValueSpecification\",\"valueRequired\":true,\"valueName\":\"search_term_string\"}}],\"inLanguage\":\"fi\"},{\"@type\":\"Organization\",\"@id\":\"https:\/\/danceart.fi\/kauppa\/#organization\",\"name\":\"Dance Art\",\"url\":\"https:\/\/danceart.fi\/kauppa\/\",\"logo\":{\"@type\":\"ImageObject\",\"inLanguage\":\"fi\",\"@id\":\"https:\/\/danceart.fi\/kauppa\/#\/schema\/logo\/image\/\",\"url\":\"https:\/\/danceart.fi\/kauppa\/wp-content\/uploads\/DanceArt_tummanharmaateksti_oranssifiguuri.png\",\"contentUrl\":\"https:\/\/danceart.fi\/kauppa\/wp-content\/uploads\/DanceArt_tummanharmaateksti_oranssifiguuri.png\",\"width\":340,\"height\":170,\"caption\":\"Dance Art\"},\"image\":{\"@id\":\"https:\/\/danceart.fi\/kauppa\/#\/schema\/logo\/image\/\"},\"sameAs\":[\"https:\/\/www.facebook.com\/Dance-Art-verkkokauppa-102802895033569\/\"]}]}<\/script>\n<!-- \/ Yoast SEO plugin. -->","yoast_head_json":{"title":"DA RYHM\u00c4LAUKKU - Dance Art -verkkokauppa","robots":{"index":"index","follow":"follow","max-snippet":"max-snippet:-1","max-image-preview":"max-image-preview:large","max-video-preview":"max-video-preview:-1"},"canonical":"https:\/\/danceart.fi\/kauppa\/tuote\/da-ryhmalaukku\/","og_locale":"fi_FI","og_type":"article","og_title":"DA RYHM\u00c4LAUKKU - Dance Art -verkkokauppa","og_description":"DA Ryhm\u00e4laukku","og_url":"https:\/\/danceart.fi\/kauppa\/tuote\/da-ryhmalaukku\/","og_site_name":"Dance Art -verkkokauppa","article_publisher":"https:\/\/www.facebook.com\/Dance-Art-verkkokauppa-102802895033569\/","article_modified_time":"2024-10-01T17:07:16+00:00","og_image":[{"width":1000,"height":664,"url":"https:\/\/danceart.fi\/kauppa\/wp-content\/uploads\/DA-ryhmalaukku-kuva-1.jpg","type":"image\/jpeg"}],"twitter_card":"summary_large_image","twitter_misc":{"Arvioitu lukuaika":"1 minuutti"},"schema":{"@context":"https:\/\/schema.org","@graph":[{"@type":"WebPage","@id":"https:\/\/danceart.fi\/kauppa\/tuote\/da-ryhmalaukku\/","url":"https:\/\/danceart.fi\/kauppa\/tuote\/da-ryhmalaukku\/","name":"DA RYHM\u00c4LAUKKU - Dance Art -verkkokauppa","isPartOf":{"@id":"https:\/\/danceart.fi\/kauppa\/#website"},"primaryImageOfPage":{"@id":"https:\/\/danceart.fi\/kauppa\/tuote\/da-ryhmalaukku\/#primaryimage"},"image":{"@id":"https:\/\/danceart.fi\/kauppa\/tuote\/da-ryhmalaukku\/#primaryimage"},"thumbnailUrl":"https:\/\/danceart.fi\/kauppa\/wp-content\/uploads\/DA-ryhmalaukku-kuva-1.jpg","datePublished":"2024-09-13T08:56:04+00:00","dateModified":"2024-10-01T17:07:16+00:00","breadcrumb":{"@id":"https:\/\/danceart.fi\/kauppa\/tuote\/da-ryhmalaukku\/#breadcrumb"},"inLanguage":"fi","potentialAction":[{"@type":"ReadAction","target":["https:\/\/danceart.fi\/kauppa\/tuote\/da-ryhmalaukku\/"]}]},{"@type":"ImageObject","inLanguage":"fi","@id":"https:\/\/danceart.fi\/kauppa\/tuote\/da-ryhmalaukku\/#primaryimage","url":"https:\/\/danceart.fi\/kauppa\/wp-content\/uploads\/DA-ryhmalaukku-kuva-1.jpg","contentUrl":"https:\/\/danceart.fi\/kauppa\/wp-content\/uploads\/DA-ryhmalaukku-kuva-1.jpg","width":1000,"height":664},{"@type":"BreadcrumbList","@id":"https:\/\/danceart.fi\/kauppa\/tuote\/da-ryhmalaukku\/#breadcrumb","itemListElement":[{"@type":"ListItem","position":1,"name":"Home","item":"https:\/\/danceart.fi\/kauppa\/etusivu\/"},{"@type":"ListItem","position":2,"name":"Kauppa","item":"https:\/\/danceart.fi\/kauppa\/kauppa\/"},{"@type":"ListItem","position":3,"name":"DA RYHM\u00c4LAUKKU"}]},{"@type":"WebSite","@id":"https:\/\/danceart.fi\/kauppa\/#website","url":"https:\/\/danceart.fi\/kauppa\/","name":"Dance Art -verkkokauppa","description":"Dance Art -kaupasta saat laadukkaita ja kivoja tanssitarvikkeita kaikille.","publisher":{"@id":"https:\/\/danceart.fi\/kauppa\/#organization"},"potentialAction":[{"@type":"SearchAction","target":{"@type":"EntryPoint","urlTemplate":"https:\/\/danceart.fi\/kauppa\/?s={search_term_string}"},"query-input":{"@type":"PropertyValueSpecification","valueRequired":true,"valueName":"search_term_string"}}],"inLanguage":"fi"},{"@type":"Organization","@id":"https:\/\/danceart.fi\/kauppa\/#organization","name":"Dance Art","url":"https:\/\/danceart.fi\/kauppa\/","logo":{"@type":"ImageObject","inLanguage":"fi","@id":"https:\/\/danceart.fi\/kauppa\/#\/schema\/logo\/image\/","url":"https:\/\/danceart.fi\/kauppa\/wp-content\/uploads\/DanceArt_tummanharmaateksti_oranssifiguuri.png","contentUrl":"https:\/\/danceart.fi\/kauppa\/wp-content\/uploads\/DanceArt_tummanharmaateksti_oranssifiguuri.png","width":340,"height":170,"caption":"Dance Art"},"image":{"@id":"https:\/\/danceart.fi\/kauppa\/#\/schema\/logo\/image\/"},"sameAs":["https:\/\/www.facebook.com\/Dance-Art-verkkokauppa-102802895033569\/"]}]}},"_links":{"self":[{"href":"https:\/\/danceart.fi\/kauppa\/wp-json\/wp\/v2\/product\/6926","targetHints":{"allow":["GET"]}}],"collection":[{"href":"https:\/\/danceart.fi\/kauppa\/wp-json\/wp\/v2\/product"}],"about":[{"href":"https:\/\/danceart.fi\/kauppa\/wp-json\/wp\/v2\/types\/product"}],"wp:featuredmedia":[{"embeddable":true,"href":"https:\/\/danceart.fi\/kauppa\/wp-json\/wp\/v2\/media\/6927"}],"wp:attachment":[{"href":"https:\/\/danceart.fi\/kauppa\/wp-json\/wp\/v2\/media?parent=6926"}],"wp:term":[{"taxonomy":"product_brand","embeddable":true,"href":"https:\/\/danceart.fi\/kauppa\/wp-json\/wp\/v2\/product_brand?post=6926"},{"taxonomy":"product_cat","embeddable":true,"href":"https:\/\/danceart.fi\/kauppa\/wp-json\/wp\/v2\/product_cat?post=6926"},{"taxonomy":"product_tag","embeddable":true,"href":"https:\/\/danceart.fi\/kauppa\/wp-json\/wp\/v2\/product_tag?post=6926"}],"curies":[{"name":"wp","href":"https:\/\/api.w.org\/{rel}","templated":true}]}}